actors of 8135?
5, 1627
What are the prime factors of 17801?
7, 2543
What are the prime factors of 59700?
2, 3, 5, 199
List the prime factors of 1404.
2, 3, 13
What are the prime factors of 3943?
3943
List the prime factors of 13998.
2, 3, 2333
What are the prime factors of 906?
2, 3, 151
What are the prime factors of 111188?
2, 7, 11, 19
List the prime factors of 1464.
2, 3, 61
What are the prime factors of 10727?
17, 631
What are the prime factors of 11907?
3, 7
What are the prime factors of 1162?
2, 7, 83
List the prime factors of 381.
3, 127
List the prime factors of 1378.
2, 13, 53
What are the prime factors of 3468?
2, 3, 17
What are the prime factors of 18964?
2, 11, 431
What are the prime factors of 55773?
3, 6197
List the prime factors of 2103.
3, 701
List the prime factors of 1966.
2, 983
List the prime factors of 3787.
7, 541
What are the prime factors of 52?
2, 13
List the prime factors of 3922.
2, 37, 53
List the prime factors of 5871.
3, 19, 103
What are the prime factors of 5362?
2, 7, 383
What are the prime factors of 70?
2, 5, 7
What are the prime factors of 24187?
19, 67
List the prime factors of 3839.
11, 349
List the prime factors of 129170.
2, 5, 12917
What are the prime factors of 18611?
37, 503
List the prime factors of 906.
2, 3, 151
List the prime factors of 885.
3, 5, 59
What are the prime factors of 19657?
11, 1787
What are the prime factors of 760?
2, 5, 19
List the prime factors of 3640.
2, 5, 7, 13
List the prime factors of 14518.
2, 7, 17, 61
What are the prime factors of 11772?
2, 3, 109
What are the prime factors of 1381?
1381
What are the prime factors of 7498?
2, 23, 163
What are the prime factors of 11470?
2, 5, 31, 37
List the prime factors of 1429.
1429
What are the prime factors of 2612?
2, 653
List the prime factors of 6297.
3, 2099
What are the prime factors of 50260?
2, 5, 7, 359
What are the prime factors of 5080?
2, 5, 127
What are the prime factors of 19960?
2, 5, 499
List the prime factors of 4959.
3, 19, 29
What are the prime factors of 3352?
2, 419
What are the prime factors of 12188?
2, 11, 277
What are the prime factors of 1182?
2, 3, 197
List the prime factors of 25968.
2, 3, 541
List the prime factors of 6573.
3, 7, 313
What are the prime factors of 55581?
3, 97, 191
List the prime factors of 55480.
2, 5, 19, 73
What are the prime factors of 252?
2, 3, 7
What are the prime factors of 807?
3, 269
List the prime factors of 4554.
2, 3, 11, 23
What are the prime factors of 7424?
2, 29
List the prime factors of 20179.
17, 1187
List the prime factors of 81040.
2, 5, 1013
List the prime factors of 2322.
2, 3, 43
List the prime factors of 35.
5, 7
What are the prime factors of 29312?
2, 229
What are the prime factors of 17632?
2, 19, 29
List the prime factors of 110297.
11, 37, 271
List the prime factors of 14060.
2, 5, 19, 37
What are the prime factors of 5594?
2, 2797
What are the prime factors of 3728?
2, 233
What are the prime factors of 8499?
3, 2833
What are the prime factors of 84638?
2, 101, 419
What are the prime factors of 2430?
2, 3, 5
What are the prime factors of 1016?
2, 127
What are the prime factors of 1681?
41
List the prime factors of 57157.
61, 937
List the prime factors of 1023.
3, 11, 31
What are the prime factors of 720?
2, 3, 5
List the prime factors of 11282.
2, 5641
What are the prime factors of 447?
3, 149
List the prime factors of 29.
29
List the prime factors of 40436.
2, 11, 919
What are the prime factors of 111?
3, 37
What are the prime factors of 22053?
3, 7351
List the prime factors of 5071.
11, 461
What are the prime factors of 36439?
13, 2803
List the prime factors of 8429.
8429
List the prime factors of 4600.
2, 5, 23
What are the prime factors of 329?
7, 47
List the prime factors of 375.
3, 5
List the prime factors of 4683.
3, 7, 223
What are the prime factors of 26506?
2, 29, 457
What are the prime factors of 14464?
2, 113
List the prime factors of 6797.
7, 971
What are the prime factors of 43943?
43943
List the prime factors of 73240.
2, 5, 1831
What are the prime factors of 16818?
2, 3, 2803
List the prime factors of 327.
3, 109
List the prime factors of 138203.
13, 10631
What are the prime factors of 952?
2, 7, 17
List the prime factors of 823.
823
List the prime factors of 36464.
2, 43, 53
What are the prime factors of 5533?
11, 503
What are the prime factors of 1684?
2, 421
List the prime factors of 629.
17, 37
List the prime factors of 7751.
23, 337
List the prime factors of 5529.
3, 19, 97
List the prime factors of 3514.
2, 7, 251
List the prime factors of 567.
3, 7
List the prime factors of 22678.
2, 17, 23, 29
List the prime factors of 28872.
2, 3, 401
List the prime factors of 4040.
2, 5, 101
What are the prime factors of 354?
2, 3, 59
What are the prime factors of 137097?
3, 15233
List the prime factors of 1296.
2, 3
List the prime factors of 11545.
5, 2309
What are the prime factors of 1146?
2, 3, 191
List the prime factors of 533.
13, 41
What are the prime factors of 5461?
43, 127
List the prime factors of 1492.
2, 373
What are the prime factors of 1594?
2, 797
List the prime factors of 5987.
5987
List the prime factors of 142.
2, 71
What are the prime factors of 9640?
2, 5, 241
List the prime factors of 4516.
2, 1129
What are the prime factors of 2792?
2, 349
List the prime factors of 48904.
2, 6113
List the prime factors of 74196.
2, 3, 229
List the prime factors of 4155.
3, 5, 277
List the prime factors of 148904.
2, 7, 2659
What are the prime factors of 4234?
2, 29, 73
What are the prime factors of 8933?
8933
List the prime factors of 3931.
3931
List the prime factors of 8708.
2, 7, 311
List the prime factors of 47457.
3, 5273
List the prime factors of 7108.
2, 1777
What are the prime factors of 9263?
59, 157
List the prime factors of 18451.
18451
What are the prime factors of 12143?
12143
What are the prime factors of 1799?
7, 257
List the prime factors of 71523.
3, 883
What are the prime factors of 20383?
11, 17, 109
What are the prime factors of 733?
733
What are the prime factors of 9547?
9547
What are the prime factors of 10616?
2, 1327
What are the prime factors of 10901?
11, 991
List the prime factors of 2951.
13, 227
List the prime factors of 7592.
2, 13, 73
What are the prime factors of 13134?
2, 3, 11, 199
List the prime factors of 786.
2, 3, 131
List the prime factors of 1291.
1291
What are the prime factors of 779?
19, 41
What are the prime factors of 1037?
17, 61
What are the prime factors of 51?
3, 17
List the prime factors of 1838.
2, 919
List the prime factors of 929.
929
List the prime factors of 33462.
2, 3, 11, 13
List the prime factors of 872.
2, 109
List the prime factors of 6268.
2, 1567
List the prime factors of 11897.
11897
What are the prime factors of 9545?
5, 23, 83
List the prime factors of 45.
3, 5
What are the prime factors of 4385?
5, 877
What are the prime factors of 10676?
2, 17, 157
List the prime factors of 7199.
23, 313
List the prime factors of 144614.
2, 72307
List the prime factors of 1190.
2, 5, 7, 17
List the prime factors of 38145.
3, 5, 2543
What are the prime factors of 3195?
3, 5, 71
What are the prime factors of 25626?
2, 3, 4271
What are the prime factors of 31405?
5, 11, 571
What are the prime factors of 6088?
2, 761
What are the prime factors of 6743?
11, 613
What are the prime factors of 813?
3, 271
What are the prime factors of 429?
3, 11, 13
List the prime factors of 1135.
5, 227
List the prime factors of 2906.
2, 1453
What are the prime factors of 4724?
2, 1181
What are the prime factors of 1447?
1447
List the prime factors of 2167.
11, 197
List the prime factors of 113943.
3, 19, 1999
What are the prime factors of 4048?
2, 11, 23
What are the prime factors of 6692?
2, 7, 239
What are the prime factors of 1779?
3, 593
What are the prime factors of 3053?
43, 71
What are the prime factors of 2030?
2, 5, 7, 29
List the prime factors of 54068.
2, 7, 1931
List the prime factors of 100368.
2, 3, 17, 41
What are the prime factors of 4478?
2, 2239
What are the prime factors of 363?
3, 11
List the prime factors of 7575.
3, 5, 101
List the prime factors of 1458.
2, 3
List the prime factors of 87449.
157, 557
What are the prime factors of 18396?
2, 3, 7, 73
List the prime factors of 9096.
2, 3, 379
Li